 + f - 4*f - 78 = 0, -3*f - 150 = -4*q. Calculate the highest common divisor of 252 and q.
36
Let v(b) = -16*b - 6. Let d = -13 - -7. Let p be v(d). Calculate the greatest common divisor of 18 and p.
18
Let m = -3 + 3. Suppose 3*g = -m*g + 9. Let b = 43 - 16. What is the highest common divisor of g and b?
3
Suppose -2*p + 52 = 3*y - 29, 141 = 3*p - 2*y. What is the greatest common factor of p and 15?
15
Let f be 5 + -7 - (-38)/1. Calculate the greatest common factor of f and 90.
18
Let t = -21 + 7. Let l be 2/(-2) - 3/3. Let r = l - t. What is the highest common divisor of r and 24?
12
Let p be 6/4 - (-45)/2. Suppose 5*d - p = 46. What is the highest common factor of d and 112?
14
Let h(z) = -z**2 + 8*z + 13. Let k be h(9). Suppose -2*o = v - 38, -o + 28 - 99 = -2*v. Calculate the highest common divisor of v and k.
4
Let v = -131 - -142. Let a = -12 - -100. What is the highest common factor of a and v?
11
Let n(o) = 16*o**2 - 3*o + 2. Let x be n(-2). Suppose 6 - 26 = -4*j. Let p be j/(15/x) + 0. Calculate the highest common factor of 3 and p.
3
Suppose 2*k - 3*i + 144 = 5*k, -k - 4*i = -48. What is the highest common divisor of k and 16?
16
Let o(t) = 2*t + 8. Let n be o(6). Let c(j) = j**2 - 7*j + 12. Let i be c(8). What is the greatest common divisor of i and n?
20
Let p be 1224/44 - (12/(-33))/2. Calculate the highest common factor of p and 196.
28
Suppose n - 4*m - 92 = 2, -3*n - 4*m + 346 = 0. What is the highest common divisor of n and 44?
22
Let p(g) = 2*g - 4. Suppose -3 = -d - a, 0*d + 26 = 2*d - 3*a. Let b be p(d). Calculate the greatest common divisor of b and 2.
2
Let c(s) = -2*s - 2. Let w be c(-2). Suppose -2*g + 3*g = 1. Let r be (-1)/((-2 - 0) + g). Calculate the highest common factor of r and w.
1
Suppose o - 44 = -19. Suppose o = 4*i + 1. What is the highest common divisor of i and 6?
6
Let z = 32 + 1. Let s(x) = x**3 + x**2 - 4*x. Let m be s(-3). Let r = -3 - m. What is the greatest common factor of z and r?
3
Suppose 2*x = 4*i + 10, i = -2*i + x - 5. Let t be (1 + i)/((-4)/(-24)). What is the highest common factor of 42 and t?
6
Let t(b) = b**2 - 3. Let c be t(-5). Suppose -c = -5*x - 7, 2*o - 87 = -5*x. Calculate the highest common divisor of o and 12.
12
Suppose i - 48 = -2*s - 3*i, 2*i = 4. Suppose s = -3*a + 5*a. Let b = 32 + 78. What is the highest common factor of b and a?
10
Suppose -j = -5*w + 2, 0*w - w + 2*j + 4 = 0. Let h = 36 - 22. Suppose w = 3*t - 1 - h. What is the highest common divisor of t and 45?
5
Let q(y) = 2*y**2 + 2*y + 3. Let s(z) = -3*z**2 - 5*z - 7. Let b(i) = 7*q(i) + 3*s(i). Let r be b(1). Calculate the greatest common factor of 12 and r.
4
Suppose -q = 3 - 8. Suppose q*k = 9*k - 80. Let r be (-12)/k*1*-5. What is the highest common factor of r and 27?
3
Let k(j) = -j**3 + 3*j**2 + 5*j + 1. Let g be k(4). Suppose 4*y - 8*y - 20 = -2*s, 120 = 5*s + 4*y. Calculate the highest common divisor of g and s.
5
Suppose -3*f + 0*f - w + 35 = 0, 5*w + 59 = 3*f. What is the greatest common factor of 39 and f?
13
Let q be (-264)/(-36)*3/2. What is the highest common divisor of 77 and q?
11
Let d = 15 + -10. Suppose l - 1 = -2*p - p, 3*l - d*p = 17. What is the highest common factor of l and 12?
4
Let r(j) = -j + 44. Let s(z) = -z + 29. Let i(k) = 5*r(k) - 8*s(k). Let l be i(8). Let m be 8/l + (-1)/(-3). Calculate the highest common factor of m and 3.
1
Suppose -3*d + 15 = 2*d. Let p be (d/6)/(4/72). Let s = -6 + 7. Calculate the greatest common divisor of s and p.
1
Let m(j) = -j**3 - 8*j**2 + 10*j + 25. Let c be m(-10). Calculate the greatest common factor of c and 50.
25
Let i = -53 + 77. What is the greatest common factor of 8 and i?
8
Suppose 5*q - 710 = x, -552 = -4*q - 0*q + 4*x. Suppose -3*m + 2*m + q = 0. What is the highest common divisor of m and 13?
13
Suppose -3*j - 8 = -7*j. Calculate the greatest common factor of j and 5.
1
Suppose 0 = -4*u + 2*g + 88 + 38, 4*u - 129 = 5*g. Suppose -4*f = -3*o - 3*f + 187, 4*o - 244 = -4*f. Calculate the highest common factor of u and o.
31
Suppose -2*w - 63 = -3*o, w - 2*w - 3 = 0. Calculate the greatest common divisor of 152 and o.
19
Suppose 4*f - 84 - 72 = 0. Let k(h) = -3*h - 2. Let m be k(-5). Suppose 0 = -0*v - v + m. What is the highest common factor of v and f?
13
Let a(p) = -p**2 + 14*p - 3. Let n be a(13). What is the greatest common divisor of 10 and n?
10
Let m be -2 - -4 - 1/((-4)/40). Suppose 17 + 91 = 2*c. Suppose 162 = 3*k + c. What is the highest common divisor of k and m?
12
Suppose 3*o - 45 = -2*o. Calculate the highest common divisor of 9 and o.
9
Suppose 4*q = 5*q + 14. Let c(p) = p**3 + 13*p**2 - 15*p - 13. Let f be c(q). Let o be (1*2)/(3 - 1). What is the greatest common factor of o and f?
1
Suppose -27*r + 23*r + 44 = 0. Suppose -5*s + 0*s + 55 = 0. Calculate the greatest common divisor of r and s.
11
Let c be (-3 - 1)*(-10)/8. Let w be 4/4*-1 + 9. Let l(g) = 2*g - 11. Let m be l(w). What is the greatest common factor of m and c?
5
Let v = -24 + 36. What is the highest common factor of v and 12?
12
Suppose -5*g + 1580 = -5*k, 2*g = -3*k - 2*g - 941. Let i = -4 + 4. Let x be k/(-7) - (-3 - i). What is the greatest common factor of 12 and x?
12
Suppose 12*j = 8*j + 640. Calculate the greatest common divisor of 64 and j.
32
Let i be 4 - (9/(-3) - -3). Suppose -i*b = -8*b + 96. What is the greatest common divisor of 16 and b?
8
Suppose z = -4*z - 45. Let m = z - -16. What is the greatest common divisor of 28 and m?
7
Let i = 75 + -74. Let m(x) = -x**2 + 6*x + 4. Let l be m(6). Calculate the highest common divisor of i and l.
1
Suppose 7 - 2 = 5*t. Calculate the highest common factor of t and 1.
1
Let o(r) = r**2 - 3*r + 1. Suppose a + 6 + 0 = -5*j, -4*j + 4 = 3*a. Let w be o(a). Let n = -10 - -45. What is the greatest common factor of n and w?
5
Suppose -5*s + 23 + 7 = 5*x, 2*x + 3 = 3*s. Calculate the greatest common factor of 12 and x.
3
Let q be (-3)/(-4)*(8 - -116). Let u be -6*1/(-2) + q. Calculate the greatest common divisor of 12 and u.
12
Suppose -4*p - 3*f = 127, 3*p + 61 + 34 = -2*f. Let v = 47 + p. What is the greatest common divisor of v and 40?
8
Let k = 30 + 14. Let d = 3 - -1. What is the greatest common divisor of k and d?
4
Suppose -4*x + 296 = -4*s, -x + 94 = -3*s - 2*s. What is the highest common divisor of 23 and x?
23
Let u = -55 - -105. Let c be (-70)/7*4/(-4). What is the highest common factor of c and u?
10
Let v(b) = -b + 10. Let j be v(7). Let m be (-1)/(j/(-9)) - -2. Let h be m*(0 + (-16)/(-10)). What is the greatest common factor of 1 and h?
1
Let g(s) = 7*s - 24. Let i be g(6). Suppose 0 = -3*y - 3, 3*y - 139 = -4*z - 2*y. Suppose 0*l - 4*l + z = 0. What is the greatest common factor of i and l?
9
Let r(z) = -z**2 + 11*z + 9. Let o be 11 - (1 - -4 - 3). Let m be r(o). What is the highest common factor of m and 297?
27
Suppose -178 = -3*g + 59. Suppose -7*m + 2*m - x = -g, -2*m + 31 = x. Let f(q) = -2*q - 4. Let w be f(-6). What is the highest common factor of m and w?
8
Let u = -44 + 52. What is the greatest common factor of 8 and u?
8
Let n be (17 + 11)*(-9)/(-2). What is the highest common factor of n and 42?
42
Let s be -1 - 106/2*1. Let c be -3 - 1/(1/s). What is the greatest common divisor of 34 and c?
17
Suppose -3*o + 29 = 5*v - 0*o, -v + 10 = 2*o. Suppose v*f - 28 = 76. What is the highest common factor of f and 65?
13
Let n(f) = -5 - 6*f - f**3 + 2 + 8*f**2 - 2. Let a be n(7). What is the greatest common factor of 6 and a?
2
Suppose 2*w - 38 = 2. Calculate the greatest common factor of w and 8.
4
Suppose i - 48 = 139. Calculate the highest common factor of 11 and i.
11
Let o = 1000 + -710. Calculate the highest common divisor of o and 116.
58
Suppose 0 = -3*d + 8*d + 15. Let h(a) = -a. Let q be h(d). Suppose -q*t = -53 - 97. What is the greatest common divisor of 20 and t?
10
Let r = 44 - 36. Let l = 68 + 20. Calculate the highest common factor of l and r.
8
Let p(x) = x**3 + 6*x**2 + 2*x + 5. Let a be p(-6). Let h(t) = t**2 - 12*t + 9. Let u be h(12). Let o = u + a. Calculate the highest common divisor of o and 4.
2
Suppose -2*l - 15 = -47. Let f be -2 - (l - 0)/(-2). What is the highest common divisor of f and 6?
6
Suppose -16 = 5*f - 4*h, 20 = -5*f + 6*h - h. Suppose f = -2*a + 322 - 14. What is